osite number?
False
Is 3232916497 a composite number?
False
Is 953321491 a composite number?
True
Is 2874444761 a prime number?
False
Is 140041757 composite?
True
Is 82642309 a composite number?
True
Is 13347716831 a composite number?
False
Is 2664436727 composite?
False
Is 283932719 composite?
True
Is 22110776669 a composite number?
True
Is 25088190707 a composite number?
False
Is 36833859707 composite?
False
Is 10387039409 prime?
False
Is 2857476782 a prime number?
False
Is 38987825677 a prime number?
False
Is 4284850235 prime?
False
Is 86915131 a composite number?
False
Is 827413099 a prime number?
True
Is 486814399 a prime number?
True
Is 85950102569 a prime number?
True
Is 529548707 prime?
True
Is 106692823 composite?
False
Is 29961452329 prime?
False
Is 4535499497 prime?
False
Is 10153444801 composite?
False
Is 6942558919 a composite number?
True
Is 131467019 composite?
True
Is 3533352787 composite?
False
Is 85788334 composite?
True
Is 4197626483 prime?
True
Is 17133284171 a composite number?
True
Is 31816506769 prime?
True
Is 196192337239 a composite number?
False
Is 57155957501 a composite number?
False
Is 3658393397 a composite number?
True
Is 817647221 prime?
True
Is 602084551 composite?
True
Is 8804586017 a prime number?
True
Is 268143559 prime?
False
Is 295738551731 a prime number?
False
Is 29706285073 a composite number?
False
Is 1815526577 a prime number?
False
Is 14421732589 a prime number?
False
Is 633112549 composite?
True
Is 1060585663 a prime number?
False
Is 201337913009 a prime number?
False
Is 14082994169 prime?
False
Is 152416907483 a composite number?
True
Is 921190967 prime?
True
Is 650546638943 a prime number?
True
Is 93971004983 a composite number?
False
Is 10668025469 a prime number?
False
Is 8110388303 composite?
True
Is 3143669131 a composite number?
False
Is 22957735849 a prime number?
True
Is 251891111 composite?
False
Is 137034097 a composite number?
True
Is 75526246753 composite?
False
Is 546696793 prime?
False
Is 10148347921 composite?
True
Is 430352916613 a prime number?
False
Is 893565367 a prime number?
False
Is 4394159587 composite?
False
Is 2745313673 prime?
True
Is 1927404169 a prime number?
True
Is 3422607481 composite?
True
Is 1368240689 a prime number?
True
Is 400461989 a composite number?
True
Is 3790295183 a prime number?
True
Is 14399346221 composite?
True
Is 6651885707 prime?
False
Is 77965793 a composite number?
False
Is 8104804397 a composite number?
False
Is 7674760067 a composite number?
True
Is 27618851441 a prime number?
True
Is 66158429 prime?
True
Is 1402762417 composite?
True
Is 14506194847 prime?
True
Is 11533218787 a composite number?
False
Is 1922163893 composite?
True
Is 419532923 composite?
False
Is 207841246273 prime?
True
Is 1425823561 a composite number?
False
Is 4446600793 a prime number?
True
Is 155017307 a prime number?
True
Is 824520329 composite?
False
Is 96385439 a prime number?
True
Is 60251966039 prime?
False
Is 11639912803 composite?
False
Is 51362659 prime?
True
Is 5393818273 a composite number?
False
Is 137436353 a composite number?
False
Is 669712271 composite?
True
Is 2209800283 a prime number?
True
Is 3955040549 a composite number?
False
Is 6648478709 a composite number?
True
Is 1828566811 composite?
True
Is 1509315823 a composite number?
False
Is 3393148907 prime?
True
Is 11217520609 prime?
False
Is 305539951 a composite number?
False
Is 910228139 prime?
True
Is 60381427319 composite?
True
Is 553200157 a composite number?
False
Is 104350621379 prime?
True
Is 4446894113 a composite number?
False
Is 117966721 composite?
True
Is 969736081 a prime number?
False
Is 24797993839 a prime number?
True
Is 1273994713 a composite number?
False
Is 19846455059 a composite number?
True
Is 4234499527 composite?
True
Is 305122639 a composite number?
False
Is 50357057 composite?
True
Is 606529871 composite?
False
Is 846507901 composite?
True
Is 222389099 a composite number?
False
Is 1516613287 composite?
True
Is 8442106877 a composite number?
False
Is 48798697 a prime number?
True
Is 60987284623 composite?
False
Is 441153457 a prime number?
False
Is 97499913229 a prime number?
False
Is 692731801 composite?
False
Is 179750119 composite?
False
Is 815490409 a composite number?
False
Is 3892855193 prime?
True
Is 109954783451 composite?
False
Is 32031540797 prime?
True
Is 1315326911 composite?
False
Is 7103186021 a composite number?
True
Is 2180339989 a prime number?
True
Is 10914207341 composite?
True
Is 4895764019 a prime number?
False
Is 66669311 prime?
False
Is 1557501719 a prime number?
True
Is 642729463 prime?
False
Is 14841067963 a prime number?
False
Is 107094121 a composite number?
False
Is 78738521 a composite number?
True
Is 106962539 a prime number?
True
Is 1241686711 composite?
True
Is 455709929 a prime number?
True
Is 515589653 a prime number?
True
Is 182880449 a prime number?
True
Is 974521241 a composite number?
False
Is 8729737249 prime?
False
Is 30069800791 composite?
True
Is 943101647 composite?
True
Is 162597308777 prime?
True
Is 51983660019 prime?
False
Is 10981805 a prime number?
False
Is 386766259 a composite number?
True
Is 1516026227 prime?
True
Is 372224219 a prime number?
True
Is 9523341743 prime?
False
Is 24567293099 a prime number?
True
Is 18606891383 composite?
True
Is 576383261 prime?
True
Is 603489207 a composite number?
True
Is 25777007 composite?
False
Is 26225141079 a composite number?
True
Is 15073959611 prime?
False
Is 2101910167 a prime number?
False
Is 285188377 prime?
False
Is 8098208387 a composite number?
False
Is 5799370846 prime?
False
Is 47872807 composite?
False
Is 147635604053 a composite number?
True
Is 18951759283 a prime number?
True
Is 2830875623 a prime number?
False
Is 2857802653 prime?
False
Is 6681753241 composite?
True
Is 995591897 a prime number?
True
Is 5417539801 a prime number?
False
Is 30410462977 a prime number?
False
Is 167077997 composite?
True
Is 41139879059 a composite number?
True
Is 6954757703 prime?
True
Is 3505048357 prime?
True
Is 36064501999 a prime number?
False
Is 156555823 composite?
False
Is 6073892411 prime?
False
Is 716728417 prime?
False
Is 448837811 a composite number?
True
Is 274033321 a prime number?
True
Is 18416288701 a prime number?
True
Is 1697064841 composite?
False
Is 411153283 prime?
False
Is 5059527779 prime?
True
Is 305348474 a prime number?
False
Is 45352217 a prime number?
False
Is 1159351013 a prime number?
True
Is 619696031 a composite number?
True
Is 2669242237 prime?
True
Is 887214061 a composite number?
False
Is 25183953337 composite?
True
Is 34275049 a prime number?
True
Is 1673315971 composite?
False
Is 24290087 composite?
True
Is 22768577441 a composite number?
False
Is 27521049013 composite?
False
Is 13299188953 a prime number?
True
Is 27745485337 composite?
True
Is 5319215051 composite?
True
Is 25896155555 a composite number?
True
Is 196482397 prime?
False
Is 4678158539 a prime number?
True
Is 22211813977 composite?
False
Is 2406828631 prime?
True
Is 12259067 a prime number?
False
Is 2333022539 a prime number?
True
Is 475312121 prime?
True
Is 175528664239 composite?
False
Is 14285650321 composite?
False
Is 627678881 a composite number?
True
Is 182596919 prime?
True
Is 1818467503 composite?
False
Is 21183716027 composite?
True
Is 8343109811 a prime number?
True
Is 3465516631 composite?
False
Is 300759243953 a composite number?
True
Is 6319554827 composite?
False
Is 1210060069 composite?
False
Is 162159098 prime?
False
Is 37753841449 a composite number?
False
Is 27805711 prime?
False
Is 1221233483 a composite number?
True
Is 18719199619 prime?
False
Is 13208257589 a composite number?
False
Is 1906817651 a composite number?
True
Is 44450741 composite?
False
Is 1356800329 prime?
False
Is 18710790209 composite?
True
Is 1251517963 prime?
False
Is 420427531853 a prime number?
False
Is 13771951819 prime?
True
Is 2095403074 a prime number?
False
Is 20242760543 a composite number?
False
Is 51396454001 a composite number?
True
Is 3036154195 composite?
True
Is 1627519801 composite?
True
Is 67080425065 a composite number?
True
Is 64992516061 prime?
False
Is 1953977897 a composite number?
False
Is 3881163131 a composite number?
False
Is 5650581667 prime?
True
Is 112275311 composite?
True
Is 1322